pose 8*t - 11*t = 0. Suppose t*f = -2*f + 96. Let l = 77 - f. What is the tens digit of l?
2
Suppose 16*u - 4*u - 1956 = 0. What is the hundreds digit of u?
1
Suppose 2*t - 5 - 10 = -r, 51 = 5*r + 4*t. Let y(s) = -6*s**2 + s + 7. Let c be y(r). What is the tens digit of (-2)/(-6) + c/(-15)?
1
Suppose -i - 3*i - 3*p = -1878, 2*i - 932 = 2*p. What is the tens digit of i?
6
Let b(k) = -5*k**3 + 24*k**2 + 12*k - 27. Let c(g) = -11*g**3 + 49*g**2 + 23*g - 55. Let q(s) = -13*b(s) + 6*c(s). What is the tens digit of q(-17)?
3
Suppose -y + 5*g - 31 = -5*y, 3 = g. What is the tens digit of -2 + 129*y/6?
8
What is the units digit of 3 + -5 + (-5)/(30/(-7044))?
2
Suppose 70 = 3*s - 20. Suppose -2*p + 0*p + s = 0. Suppose 0 = l - p. What is the tens digit of l?
1
Let h = -20 - -20. Suppose h*t = 2*t - 154. What is the tens digit of t?
7
Let n(s) = 5*s - 21. Let v be n(4). Let o(y) = 2*y + 1. Let t(w) = 5*w + 2. Let m(x) = 5*o(x) - 3*t(x). What is the units digit of m(v)?
4
Let y be 2778/(-48) + (-1)/8. Let h = y - -98. What is the units digit of 10 + h + -1*4?
6
Let u(i) = 235*i - 20. Let n be u(5). Suppose n - 291 = 4*h. What is the tens digit of h?
1
Let q = -104 + 554. What is the tens digit of q?
5
Suppose 5*w = 4*n - 18, -7 = 5*w + 3. Suppose -h = -i - 89, -165 = -2*h + 5*i - n. What is the tens digit of h?
9
Suppose 2*z - 3*g = 2*g + 57, 0 = 4*g - 12. What is the units digit of z?
6
Suppose -26*k + 25*k = -1115. What is the tens digit of k?
1
Let c = -5 - -6. Let f(j) = -j**2 - j - 1. Let m(k) = 16*k**2 + 9. Let q(s) = c*m(s) + 5*f(s). What is the units digit of q(2)?
8
Let o(t) = t + 0*t + t**3 + 3 + 5*t**2 + 2*t + 3*t**2. Let q be -5 + (0 - 1) - 1. What is the tens digit of o(q)?
3
Suppose 4*v - 3*n = -15, 0 = -4*v + n - 5*n + 20. Suppose -z = -v*z + 1. Let k = z - -4. What is the units digit of k?
3
Let p(w) = -w + 2. Let f be p(-3). Suppose 5*t = -z - 2*z + 202, -3*t + f*z = -94. What is the tens digit of t?
3
Let a = 4 - -1. Suppose -a*p - 102 = -2*n, 2*n = 3*n - 1. What is the units digit of (2/3)/(p/(-990))?
3
Let w be ((-4)/(-3))/((-1)/(-6)). What is the tens digit of (-7)/3*(-4)/w*18?
2
Let y be (-2)/4 + 34/4. Let s = 13 + -20. Let r = s + y. What is the units digit of r?
1
Suppose -58*w + 101514 = -16*w. What is the thousands digit of w?
2
Let i be 5 + (-3)/(6/4). Let s(d) be the first derivative of d**4/4 + d**3/3 - 2*d**2 + 4*d - 13. What is the tens digit of s(i)?
2
Let f(d) = 171*d - 82. What is the tens digit of f(6)?
4
Let u be (-52)/16*(24 + -4). Let t = 71 + -174. Let q = u - t. What is the units digit of q?
8
Let r(o) be the first derivative of o**4/4 + 4*o**3 + 11*o**2/2 + 14*o + 3. Let g be r(-11). Suppose 2*y - 36 - g = 0. What is the units digit of y?
5
What is the units digit of (-4)/9 - 92420/(-180)?
3
Suppose w + 2 - 7 = 0. What is the hundreds digit of w*(0 - 168/(-5))?
1
Let j(c) = 2*c**2 - 2*c - 2. Let n be j(-1). What is the units digit of n/(4/11)*16?
8
Suppose 50 = 4*h - 2*h. Suppose 0 = 3*t - 4*l + h, 2*l - 23 = -0*t + 3*t. What is the units digit of 130/14 - (-2)/t?
9
Let q(n) = 2*n + 12. Let g be q(0). What is the units digit of ((-296)/g)/((-8)/12)?
7
Let j(u) = -u + 2. Let h be j(-4). Suppose 2*k - 39 = -3*i + 14, i + 3*k - h = 0. What is the units digit of i?
1
Let c = -24 - -25. Let x = 19 + c. What is the tens digit of x?
2
Let n(p) = 38*p + 93. What is the units digit of n(13)?
7
What is the units digit of 16*23/((-184)/(-48))?
6
Suppose 1057 + 735 = 16*z. What is the units digit of z?
2
Let o(h) = 15*h**2 + 30*h + 7. What is the tens digit of o(-6)?
6
Suppose 0 = -a - 3*z - 2*z - 26, 54 = -3*a - 3*z. Suppose 0 = 8*o - 7*o - 11. Let h = o - a. What is the tens digit of h?
2
Let n = -148 - -343. Suppose -4*u = 4*j - j - n, -4*j = -u - 260. What is the tens digit of j?
6
Suppose 121*c = 122*c - 149. What is the hundreds digit of c?
1
Let z(n) = n - 7. Let a be z(7). Suppose a = 21*x - 20*x + 16. What is the units digit of 2*(-52)/x*4?
6
Suppose -98*j + 66*j = -55072. What is the thousands digit of j?
1
Suppose 4*d + 68 = -0*d. Let u = -35 + d. What is the units digit of (-4 + 6)*u/(-2)?
2
Suppose -99 = 4*v + 3*w, 4*v + 47 = -5*w - 54. Let n(d) = -d**2 - 25*d + 1. What is the units digit of n(v)?
5
Suppose 4*y = -0*y - 56. Suppose -27 = 31*j - 89. What is the tens digit of (-1022)/y + (j - 0)?
7
Suppose 5486 = 7*k - 3*k - 2*w, 4*w - 4142 = -3*k. What is the thousands digit of k?
1
Suppose -2*g - 2*g = -276. Suppose 0*u - g = -u. What is the units digit of u?
9
Suppose -4*w - 2 = 5*r, 4*r + 4 = 2*w - 8. Suppose -w*m - m = 114. Let t = m + 57. What is the tens digit of t?
1
Let a(h) = 96*h**3 - h**2 - 4*h + 4. What is the units digit of a(1)?
5
Let p be (-3 - 1) + 938/(-7). Let b = p + 236. What is the tens digit of b?
9
Suppose -5*w + 0*j + 367 = -3*j, 5*j = 4*w - 291. What is the units digit of w?
4
Let n be (12/16)/(2/(-8)). What is the units digit of n/(-5) + 1/(20/1128)?
7
Let u = -26 - -22. Let b be (u + 1 + 6)*9. What is the units digit of (90/b)/((-2)/(-24))?
0
Let d be (-6)/(-8) + 228/16. Let h(z) = z**3 + 11*z**2 + 9*z + 2. Let q be h(-10). Suppose -d*b + 156 = -q*b. What is the units digit of b?
2
Let k(q) = 2*q**2 - 57*q - 207. What is the units digit of k(-34)?
3
Let r(b) = -b**2 + 1. Let v be r(0). Suppose 0 = -h - 4 - v. What is the tens digit of (h + -4)/(1/(-2))?
1
Suppose 10*n = 4320 - 1250. What is the tens digit of n?
0
Suppose 4*n + 2*k - 2318 = -0*n, -4*n = -2*k - 2330. Suppose -m - 3 = 2*m, -m = 2*l - n. What is the tens digit of l?
9
Let y = -119 - -183. Let q = -39 + y. What is the tens digit of q?
2
Let i be (4/6)/((-1)/(-3)). Suppose 7*g - i*g + v = 18, -4*v + 21 = 3*g. Suppose 7*n = 8*n - g. What is the units digit of n?
3
Suppose 3*r + 48 = 3*z, r - 124 = -5*z - 20. Suppose -5 = v - 5*k, 2*v = 3*k - 2*k - 1. Suppose v = -m + n + 42, 0 + z = -5*n. What is the tens digit of m?
3
Suppose -24*m + 22247 = -98209. What is the tens digit of m?
1
Suppose 3*u = -2*u - 85. What is the units digit of u/(-2) - (-4)/(-8)?
8
Suppose -5*v = -3*v - 4. Let f = 389 + -246. Suppose v*l - 4*l - 29 = -o, -4*o + f = l. What is the units digit of o?
5
Let l = 45 + -67. Let x = l - -65. What is the tens digit of x?
4
Suppose -5*o + 4*f = 7*f - 23, 30 = 2*o - 4*f. Let i(b) = -2*b**3 + 16*b**2 + 6*b + 15. What is the hundreds digit of i(o)?
1
Let s be 85/(-15) - 1/3. Let a be 21/s*144/(-28). Suppose 2*f - a = f. What is the units digit of f?
8
Suppose 6 = 3*w - d, 4*d + 8 = -w - 3*w. Let u(v) = -4*v + 7. Let l(t) = -1. Let i(n) = -6*l(n) - u(n). What is the units digit of i(w)?
3
Let z = 12 - 15. Let n = 8 + z. What is the tens digit of (-1120)/(-25) - (-1)/n?
4
Let a(c) = c + 7. Let h be a(-5). Suppose -g + 1 = -1, 4*g = h*n - 194. What is the tens digit of n?
0
Let l(r) = -22*r**3 + 4*r**2 - 2*r. What is the hundreds digit of l(-4)?
4
Let k be 9/(-4) - (-24)/(-32). Let x be (-8)/(-3 + 4 + k). Suppose -x*m = -o - 17, 5*m + 3*o - 40 = -2*o. What is the units digit of m?
5
What is the hundreds digit of (1069 - 8) + (1 - -2)?
0
Let b be 2*2/(6 - 2). Let t be b/(3 - (-15)/(-6)). What is the tens digit of 34 - 11 - t/1?
2
Suppose 1664 = 3*c + 194. What is the hundreds digit of c?
4
Let d = -43 + 40. What is the units digit of (-2)/d + (-2048)/(-24)?
6
Let a(c) = c**2 + 33*c + 281. What is the thousands digit of a(29)?
2
Let f = 55 + -51. Suppose 45 + 79 = f*q. What is the units digit of q?
1
What is the tens digit of (1264 - -4) + (25/5 - 4)?
6
Let o = -86 - -778. What is the hundreds digit of o?
6
Let z(h) = 98*h + 488. What is the hundreds digit of z(9)?
3
Suppose -107 = -s + 2*s. Let k = s - -271. Suppose 0 = -3*j - j + k. What is the units digit of j?
1
Let m(j) = 3*j**2 + 3*j + 5. Let r(c) = -2*c**2 - 4*c - 5. Let d(a) = -3*m(a) - 4*r(a). What is the units digit of d(7)?
5
Let v be 2/(-4) - (-14)/(-4). Let n(b) = -b**2 + 2*b**2 + 0*b**2 + 9 - 13. What is the units digit of n(v)?
2
Suppose 2*d = v - 570, 5*d = 5*v + 3*d - 2842. What is the hundreds digit of v?
5
Let s(d) = -2*d**2 - 3*d + 7. Let q(k) = -5*k**2 - 10*k + 20. Let z(c) = 3*q(c) - 8*s(c). Let f be z(10). Suppose 16 = 5*y - f. What is the units digit of y?
2
Suppose 3*o + 4 = 13. Suppose 0 = 5*f + 3*z - 90, o*f + 4*z - 54 = 2*z. What is the unit